/24 - 4*b**3/3 + 12*b**2. Suppose -q = 3*c - 2*c + 4, -3*q = -3*c - 30. Calculate w(c).
6
Let j(d) be the first derivative of -d**4/4 + 5*d**3/3 - 5*d**2/2 + 5*d + 102. Calculate j(3).
8
Let q(p) be the third derivative of 0 + p**2 + 0*p + 1/12*p**4 + 1/3*p**3. What is q(4)?
10
Let a(x) = -5*x**3 + 11*x**2 - 17*x - 10. Let i(b) = -2*b**3 + 5*b**2 - 8*b - 5. Let z(v) = -3*a(v) + 7*i(v). Suppose -41*k - 204 = 10*k. What is z(k)?
-17
Let i(j) = -2*j - 1 + 5 - 5*j**2 - 4. Suppose -12 = -16*h + 22*h. Determine i(h).
-16
Let c(l) be the first derivative of l**2/2 - 17*l - 70. Calculate c(14).
-3
Let y(k) be the second derivative of -k**6/120 + k**5/60 + k**4/24 - k**3/3 - k**2/2 + 7*k. Let b(v) be the first derivative of y(v). Determine b(0).
-2
Let g(h) = -8 + h**3 - 5*h**3 - 12*h - 6 + 10*h**2 + 11*h**3 - 6*h**3. Determine g(-11).
-3
Let t(y) = -2*y - 1. Let n = -13 - -8. Let u = 14 + n. Suppose k - u + 7 = 0. Calculate t(k).
-5
Let c(m) = -19*m**3 - 14*m**2 - 3*m + 22. Let r(q) = 7*q**3 + 5*q**2 + q - 8. Let n(f) = 4*c(f) + 11*r(f). Give n(4).
44
Suppose -h + 4 = 20. Let r be (-2 - -1 - 0)/((-4)/h). Let i(x) = x**2 + 3*x + 1. What is i(r)?
5
Let o(z) = -14 + z**3 + 25*z + 18 + 6*z**2 - 17*z. Let a be 11/(-2) - 2/(-4). Determine o(a).
-11
Suppose -2*a + 3*m = -7, -5*a + 9 = -2*a - 5*m. Let v be (18/(-12))/((-2)/a). Let u(n) = 0 + 3*n**2 - v*n**2 - 1 - n**3. Give u(-3).
-1
Let d(y) = y**2 + 6*y + 6. Let v(m) be the first derivative of 5*m**3/3 + 23*m**2/2 + 23*m - 11. Let c(o) = 9*d(o) - 2*v(o). Give c(7).
15
Let t = -28 + 48. Suppose -6*p + t = -p. Let x(n) = 3*n**3 + n**3 - 5*n**2 + n**3 - 2 - p*n**3 - 7*n. Determine x(6).
-8
Let a = 442 - 437. Let g(l) = 2*l + 3 - 4 - 3*l. Determine g(a).
-6
Let f(m) = 0*m**3 + 3*m + 2*m**2 + 0*m**2 - m**3 - m**3 - 3. Let w(d) = -d**3 - d + 2. Let c be ((3 + -3)*-1)/(-2). Let o be w(c). Give f(o).
-5
Let r(k) = -1096*k - 4 + 2185*k - 1092*k. Determine r(3).
-13
Let k(b) = -5*b**2 - 6*b - 4. Let y(a) = 11*a**2 + 14*a + 7. Let j(t) = 13*k(t) + 6*y(t). Determine j(-7).
-3
Let v(j) = 6 - 31*j + 16*j + 19*j. Let o(s) = -5*s - 7. Let c(i) = -3*o(i) - 4*v(i). Calculate c(4).
-7
Let n(o) = 2*o**3 - o**2 - o. Suppose 4 = -2*g, -5*g - 27 = 4*t + 11. Let c(q) = q**3 + 5*q**2 - 15*q - 8. Let h be c(t). What is n(h)?
-2
Let v(y) = -2*y - 5*y + 3 - 20 + 4*y. Let o be v(-7). Let k(i) = -3 + i - o + 11. What is k(-7)?
-3
Let b(a) = 2*a**3 - a**2 - 1. Let m(h) = 21*h**3 - 7*h**2 + h - 9. Let t(l) = -9*b(l) + m(l). Let f(j) = -j + 4. Let y be f(5). Calculate t(y).
-2
Let q(p) = p + 2. Let t be (1 + -1)*14/28. Let x be q(t). Suppose -5*d + 3*r = -2 - x, -5*r - 18 = 3*d. Let a(b) = -b**3 + 2*b**2 + b. What is a(d)?
2
Let y(c) = -5*c + 12. Let d(l) = 4*l - 11. Let j(w) = 6*d(w) + 5*y(w). Suppose -13 = -9*o + 14. Suppose -v - 3 = o*g + g, -3*v = -4*g + 25. Determine j(v).
1
Let v(h) = -h**2 - 2*h + 2. Let s(q) = q**2 + 11*q + 20. Let g(x) = -x + 3. Let f be g(11). Let l be s(f). Determine v(l).
-6
Let u(q) = q - 4. Let m be u(-5). Let k = m - -14. Suppose 0 = -k*p - 2 - 3. Let z(v) = -2*v**2 + v. What is z(p)?
-3
Let x be 22/(-121) + 123/11. Suppose 3*j - 4 = -v, j - 1 = 5*v + x. Let a(y) = 5*y - 1. Determine a(v).
-11
Suppose -5*j + 158 = 188. Let d(r) = -2*r**2 - 3*r**2 - 6 + 4*r**2 - 9*r. What is d(j)?
12
Let n(j) be the first derivative of j**3/3 - 4*j**2 - 3*j - 46. What is n(4)?
-19
Let v(w) = -w**3 - 5*w**2 + 6*w - 6. Suppose -3*l + 3*p + 27 = 0, 3 = -3*l + 5*p - 8*p. Let z(j) = -j**3 + 5*j**2 - 7*j + 6. Let g be z(l). Determine v(g).
-6
Let w(c) = -c**2 + 6*c - 4. Suppose 3*z = -z + 3*m + 51, 26 = 2*z - 2*m. Let v be (3 + z)*1/3. Suppose -8 - 12 = -v*j. Give w(j).
4
Suppose 5 = 4*x - 3*r, 0*r + 2*r = 10. Suppose -2*f + 18 = -4*i, 3*f + 6*i - 3*i = 18. Suppose x + f = -4*c. Let s(g) = g**2 + 2*g - 1. Give s(c).
2
Let i(n) = -4*n**3 - 3*n**2 + 13*n - 8. Let g(l) = -3*l**3 + 14*l - 7. Let b(z) = -3*g(z) + 2*i(z). What is b(8)?
5
Let k(z) = -z**3 - 12*z**2 + z + 12. Let o be k(-12). Suppose o = -5*w - 19 + 4. Let p(t) = -t**3 - 2*t**2 - t - 4. Determine p(w).
8
Let p(v) = -v - 2. Suppose 2*y - 4*y - 6 = 0. What is p(y)?
1
Let i(g) = -g + 1. Suppose -5*b = -3*f - 21, -3*b - f + 17 = -4. Suppose -6 - 4 = -5*a. Suppose -a*d + 4 = -b*d. Give i(d).
2
Let d(u) be the third derivative of -u**5/60 + u**4/24 - u**3/6 + 222*u**2 + 11. Suppose -5*k + 16 = 6. Calculate d(k).
-3
Let t(h) = h**2 - 1 + 2*h**3 - 4*h**3 + 3*h**3. Suppose -5*l - 4 = -33*u + 30*u, l - 3*u = 4. Determine t(l).
-5
Let r(v) = -4*v + 3. Let u be r(2). Let d(y) = 9*y. Let t(a) = 2*a. Let j(k) = u*d(k) + 24*t(k). Let h be -12*(-9)/108*-4. What is j(h)?
-12
Suppose n + 10 = -2*v - 8, 5*n + 30 = 2*v. Let w(u) = -u**3 - 8*u**2 + 4. Determine w(n).
4
Let c(t) be the first derivative of 3*t**4/2 - t**3/3 - t**2/2 + 2*t + 315. What is c(1)?
6
Let u = -151 + 151. Let y(i) = -1 - 46*i**2 + u + 3 + 50*i**2 + i**3. Determine y(-5).
-23
Let n(q) = q**2 - 12*q + 24. Let m be n(10). Suppose -4*d - 20 = -6*d. Let o(a) = 2*a + 5*a**2 - d*a**2 + 2 + 4*a**2. Determine o(m).
-6
Let f(l) = -l**2 - 8*l + 3. Suppose 7*o + 616 = 553. Calculate f(o).
-6
Let k(u) = -5*u**3 + 2*u**2 - u. Let g(d) = d - 16. Let n be g(11). Let q = n - -27. Let b = q + -21. Calculate k(b).
-4
Let n(c) = -422*c**2 + 212*c**2 + 213*c**2. Let f be -2 - (0 - -3)*-1. Give n(f).
3
Let v(r) be the second derivative of -r**2 - 29*r + 1/3*r**3 + 0 - 1/6*r**4. Let s = -2 + 4. Calculate v(s).
-6
Suppose 4*v + 4*s - 28 = 0, -8*v + 4*s + 62 = -3*v. Let x = -13 + v. Let p(z) = 2 - 2 - 2*z - 1. Determine p(x).
5
Let i(z) = -z + 3. Let s(q) = -q**3 - 10*q**2 - 10*q - 13. Let j(k) = 4*k + 7. Let x be j(-4). Let l be s(x). Give i(l).
7
Let s be (-12)/(-9) - (-2)/3. Let r(b) = -3*b**3 - 7*b**2 + 4*b - 15. Let g(n) = n**3 + n**2 + 3. Let p(w) = 4*g(w) + r(w). Calculate p(s).
1
Let r(u) = -u + 16. Let w be 24/2 - (-7 - -5). Calculate r(w).
2
Let u(h) = h**2 + 2*h - 136. Let z be u(11). Let y(p) = -p**2 + 9*p. Calculate y(z).
14
Let f(x) = x**3 - 6*x**2 - 3*x - 4. Let s = 886 - 879. Give f(s).
24
Let m(t) = 4*t**3 + 15*t**2 - 8*t - 5. Let d(i) = -7*i**3 - 27*i**2 + 15*i + 9. Let z(j) = 3*d(j) + 5*m(j). Give z(-7).
16
Let g(z) = z**3 + 7*z + 4*z**2 - 2*z**2 + 4 + 5*z**2. Let t = 581 - 587. Calculate g(t).
-2
Suppose 100*r = 95*r + 15. Let f(m) be the first derivative of 5 + 1/3*m**3 - r*m**2 - 4*m. Determine f(6).
-4
Let r = -7935 + 7937. Let d(u) = -u + 1. Let x(z) = -3*z + 5. Let a(q) = -5*d(q) + x(q). What is a(r)?
4
Let u(b) = -b - 22. Suppose -2*c + 4*w = 0, 21*c - 2*w = 26*c. What is u(c)?
-22
Let r(g) = -g**3 - 10*g**2 - 11*g - 20. Suppose 0 = -18*a + 26*a + 72. Give r(a).
-2
Let g(y) = y**3 + 10*y**2 + 3*y + 12. Let j be 11/44*-4 + -8. What is g(j)?
66
Suppose -53 + 21 = -8*b. Suppose -12 = b*v, -4*v - 25 = 4*s - v. Let m(x) = -x**2 - 5*x - 6. Give m(s).
-2
Let f be (65/10 + 1)*8/3. Let c = 14 - f. Let u(q) = -q**2 - 6*q + 6. Determine u(c).
6
Let x be 111/74*((-4)/3)/(-1). Suppose 5*b + 2*m = b + 4, -x*b = 3*m + 2. Let l(z) = -5*z + 1. Calculate l(b).
-9
Let l = 1670 - 1671. Let u(g) be the second derivative of -g**5/20 - g**4/12 - g**3/3 - g**2/2 + g. Give u(l).
1
Let g(p) = 13*p**2 + 9 - 20*p + 10 + 12*p - 14*p**2. What is g(-10)?
-1
Suppose 2*j + 4 = 3*j + h, 16 = j - 2*h. Let p(d) = -d**3 + 9*d**2 - 8*d - 11. Calculate p(j).
-11
Let g be 1 + 4 - (2 + 0). Let n(j) = -2*j + 0*j**2 + 6*j + j**2 - g. Let f be (-2)/(-15) - 2480/600. What is n(f)?
-3
Let w(m) = -2*m**3 + 4*m**2 + 2*m - 4. Suppose 6 = 745*g - 743*g. Calculate w(g).
-16
Let j(r) = -r**3 - 2*r**2 + 2*r. Let t be j(-3). Let z(q) = 42*q + 3*q**3 + 4 - 4*q**3 + 4*q**2 + 54*q - 99*q. Determine z(t).
4
Let o(t) = -5*t**2 + 45*t - 119*t + 1 - t**3 + 3 + 37*t + 44*t. Determine o(-6).
-2
Let b(r) = -5*r. Let q = 7 + 0. Suppose -25 = -4*k - 165. Let y be 2/5*k/q. Calculate b(y).
10
Suppose 2*o - 2*f - 4 = -4*f, 0 = 5*f + 5. Let g(a) be the first derivative of 0*a + 3/2*a**2 + o. What is g(1)?
3
Let r(z) = z**3 + 5*z**2 + z + 2. Let m be r(-5). Let b(g) be the first derivative of g**4/4 + g**3 - g + 576. Calculate b(m).
-1
Let y(w) = -w - 10. Let p = 32 - 24. Let i = p - 13. Calculate y(i).
-5
Let i(z) be the second derivative of -2*z**3/3 + z**2/2 - 57*z. Suppose 0 = -w